{"id":238,"date":"2015-12-08T12:59:37","date_gmt":"2015-12-08T10:59:37","guid":{"rendered":"http:\/\/mnyc.de\/?page_id=238"},"modified":"2015-12-17T12:06:29","modified_gmt":"2015-12-17T10:06:29","slug":"central-park-new-york-city","status":"publish","type":"page","link":"https:\/\/mnyc.de\/?page_id=238","title":{"rendered":"Central Park"},"content":{"rendered":"<p style=\"text-align: center;\">Der <a href=\"http:\/\/www.centralparknyc.org\/\" target=\"_blank\">Central Park<\/a> ist der gr\u00f6\u00dfte Stadtpark in New York City. Der Central Park reicht in seiner L\u00e4nge (4km) von der 59. bis zur 110. Stra\u00dfe und in der Breite (860m) von der 5. bis zur 8. Avenue im Herzen von Manhattan. Der Central Park wurde 1873 fertiggestellt.<\/p>\n<p style=\"text-align: center;\">Hier ein paar Eindr\u00fccke:<\/p>\n<p style=\"text-align: center;\"><a href=\"https:\/\/mnyc.de\/wp-content\/uploads\/2015\/12\/20131022_181951.jpg\"><img loading=\"lazy\" decoding=\"async\" class=\"alignnone size-medium wp-image-239\" src=\"https:\/\/mnyc.de\/wp-content\/uploads\/2015\/12\/20131022_181951-300x64.jpg\" alt=\"20131022_181951\" width=\"300\" height=\"64\" \/><\/a><\/p>\n<p style=\"text-align: center;\"><a href=\"https:\/\/mnyc.de\/wp-content\/uploads\/2015\/12\/20131022_182016.jpg\"><img loading=\"lazy\" decoding=\"async\" class=\"alignnone size-large wp-image-240\" src=\"https:\/\/mnyc.de\/wp-content\/uploads\/2015\/12\/20131022_182016-1024x575.jpg\" alt=\"20131022_182016\" width=\"584\" height=\"328\" \/><\/a><\/p>\n<p style=\"text-align: center;\"><a href=\"https:\/\/mnyc.de\/wp-content\/uploads\/2015\/12\/20131021_221942.jpg\"><img loading=\"lazy\" decoding=\"async\" class=\"alignnone size-medium wp-image-241\" src=\"https:\/\/mnyc.de\/wp-content\/uploads\/2015\/12\/20131021_221942-300x225.jpg\" alt=\"20131021_221942\" width=\"300\" height=\"225\" \/><\/a><\/p>\n<p style=\"text-align: center;\"><a href=\"https:\/\/mnyc.de\/wp-content\/uploads\/2015\/12\/20131021_223033.jpg\"><img loading=\"lazy\" decoding=\"async\" class=\"alignnone size-large wp-image-242\" src=\"https:\/\/mnyc.de\/wp-content\/uploads\/2015\/12\/20131021_223033-1024x768.jpg\" alt=\"20131021_223033\" width=\"584\" height=\"438\" \/><\/a><\/p>\n<p style=\"text-align: center;\"><a href=\"https:\/\/mnyc.de\/wp-content\/uploads\/2015\/12\/20131021_222554-2.jpg\" rel=\"attachment wp-att-264\"><img loading=\"lazy\" decoding=\"async\" class=\"alignnone size-large wp-image-264\" src=\"https:\/\/mnyc.de\/wp-content\/uploads\/2015\/12\/20131021_222554-2-768x1024.jpg\" alt=\"20131021_222554-2\" width=\"584\" height=\"779\" srcset=\"https:\/\/mnyc.de\/wp-content\/uploads\/2015\/12\/20131021_222554-2-768x1024.jpg 768w, https:\/\/mnyc.de\/wp-content\/uploads\/2015\/12\/20131021_222554-2-225x300.jpg 225w\" sizes=\"auto, (max-width: 584px) 100vw, 584px\" \/><\/a><\/p>\n<p style=\"text-align: center;\"><a href=\"https:\/\/mnyc.de\/wp-content\/uploads\/2015\/12\/20131021_222533-2.jpg\" rel=\"attachment wp-att-263\"><img loading=\"lazy\" decoding=\"async\" class=\"alignnone size-large wp-image-263\" src=\"https:\/\/mnyc.de\/wp-content\/uploads\/2015\/12\/20131021_222533-2-1024x768.jpg\" alt=\"20131021_222533-2\" width=\"584\" height=\"438\" srcset=\"https:\/\/mnyc.de\/wp-content\/uploads\/2015\/12\/20131021_222533-2-1024x768.jpg 1024w, https:\/\/mnyc.de\/wp-content\/uploads\/2015\/12\/20131021_222533-2-300x225.jpg 300w, https:\/\/mnyc.de\/wp-content\/uploads\/2015\/12\/20131021_222533-2-768x576.jpg 768w, https:\/\/mnyc.de\/wp-content\/uploads\/2015\/12\/20131021_222533-2-400x300.jpg 400w\" sizes=\"auto, (max-width: 584px) 100vw, 584px\" \/><\/a><\/p>\n<p style=\"text-align: center;\"><a href=\"https:\/\/mnyc.de\/wp-content\/uploads\/2015\/12\/NewYork-11.jpg\" rel=\"attachment wp-att-451\"><img loading=\"lazy\" decoding=\"async\" class=\"alignnone size-large wp-image-451\" src=\"https:\/\/mnyc.de\/wp-content\/uploads\/2015\/12\/NewYork-11-1024x768.jpg\" alt=\"NewYork-11\" width=\"584\" height=\"438\" srcset=\"https:\/\/mnyc.de\/wp-content\/uploads\/2015\/12\/NewYork-11-1024x768.jpg 1024w, https:\/\/mnyc.de\/wp-content\/uploads\/2015\/12\/NewYork-11-300x225.jpg 300w, https:\/\/mnyc.de\/wp-content\/uploads\/2015\/12\/NewYork-11-768x576.jpg 768w, https:\/\/mnyc.de\/wp-content\/uploads\/2015\/12\/NewYork-11-400x300.jpg 400w\" sizes=\"auto, (max-width: 584px) 100vw, 584px\" \/><\/a> <a href=\"https:\/\/mnyc.de\/wp-content\/uploads\/2015\/12\/NewYork-21.jpg\" rel=\"attachment wp-att-452\"><img loading=\"lazy\" decoding=\"async\" class=\"alignnone size-large wp-image-452\" src=\"https:\/\/mnyc.de\/wp-content\/uploads\/2015\/12\/NewYork-21-1024x683.jpg\" alt=\"NewYork-21\" width=\"584\" height=\"390\" srcset=\"https:\/\/mnyc.de\/wp-content\/uploads\/2015\/12\/NewYork-21-1024x683.jpg 1024w, https:\/\/mnyc.de\/wp-content\/uploads\/2015\/12\/NewYork-21-300x200.jpg 300w, https:\/\/mnyc.de\/wp-content\/uploads\/2015\/12\/NewYork-21-768x512.jpg 768w, https:\/\/mnyc.de\/wp-content\/uploads\/2015\/12\/NewYork-21-450x300.jpg 450w\" sizes=\"auto, (max-width: 584px) 100vw, 584px\" \/><\/a> <a href=\"https:\/\/mnyc.de\/wp-content\/uploads\/2015\/12\/NewYork-53.jpg\" rel=\"attachment wp-att-453\"><img loading=\"lazy\" decoding=\"async\" class=\"alignnone size-large wp-image-453\" src=\"https:\/\/mnyc.de\/wp-content\/uploads\/2015\/12\/NewYork-53-1024x768.jpg\" alt=\"NewYork-53\" width=\"584\" height=\"438\" srcset=\"https:\/\/mnyc.de\/wp-content\/uploads\/2015\/12\/NewYork-53-1024x768.jpg 1024w, https:\/\/mnyc.de\/wp-content\/uploads\/2015\/12\/NewYork-53-300x225.jpg 300w, https:\/\/mnyc.de\/wp-content\/uploads\/2015\/12\/NewYork-53-768x576.jpg 768w, https:\/\/mnyc.de\/wp-content\/uploads\/2015\/12\/NewYork-53-400x300.jpg 400w\" sizes=\"auto, (max-width: 584px) 100vw, 584px\" \/><\/a> <a href=\"https:\/\/mnyc.de\/wp-content\/uploads\/2015\/12\/NewYork-54.jpg\" rel=\"attachment wp-att-454\"><img loading=\"lazy\" decoding=\"async\" class=\"alignnone size-large wp-image-454\" src=\"https:\/\/mnyc.de\/wp-content\/uploads\/2015\/12\/NewYork-54-1024x768.jpg\" alt=\"NewYork-54\" width=\"584\" height=\"438\" srcset=\"https:\/\/mnyc.de\/wp-content\/uploads\/2015\/12\/NewYork-54-1024x768.jpg 1024w, https:\/\/mnyc.de\/wp-content\/uploads\/2015\/12\/NewYork-54-300x225.jpg 300w, https:\/\/mnyc.de\/wp-content\/uploads\/2015\/12\/NewYork-54-768x576.jpg 768w, https:\/\/mnyc.de\/wp-content\/uploads\/2015\/12\/NewYork-54-400x300.jpg 400w\" sizes=\"auto, (max-width: 584px) 100vw, 584px\" \/><\/a> <a href=\"https:\/\/mnyc.de\/wp-content\/uploads\/2015\/12\/NewYork-86.jpg\" rel=\"attachment wp-att-455\"><img loading=\"lazy\" decoding=\"async\" class=\"alignnone size-large wp-image-455\" src=\"https:\/\/mnyc.de\/wp-content\/uploads\/2015\/12\/NewYork-86-1024x683.jpg\" alt=\"NewYork-86\" width=\"584\" height=\"390\" srcset=\"https:\/\/mnyc.de\/wp-content\/uploads\/2015\/12\/NewYork-86-1024x683.jpg 1024w, https:\/\/mnyc.de\/wp-content\/uploads\/2015\/12\/NewYork-86-300x200.jpg 300w, https:\/\/mnyc.de\/wp-content\/uploads\/2015\/12\/NewYork-86-768x512.jpg 768w, https:\/\/mnyc.de\/wp-content\/uploads\/2015\/12\/NewYork-86-450x300.jpg 450w\" sizes=\"auto, (max-width: 584px) 100vw, 584px\" \/><\/a> <a href=\"https:\/\/mnyc.de\/wp-content\/uploads\/2015\/12\/NewYork-87.jpg\" rel=\"attachment wp-att-456\"><img loading=\"lazy\" decoding=\"async\" class=\"alignnone size-large wp-image-456\" src=\"https:\/\/mnyc.de\/wp-content\/uploads\/2015\/12\/NewYork-87-1024x683.jpg\" alt=\"NewYork-87\" width=\"584\" height=\"390\" srcset=\"https:\/\/mnyc.de\/wp-content\/uploads\/2015\/12\/NewYork-87-1024x683.jpg 1024w, https:\/\/mnyc.de\/wp-content\/uploads\/2015\/12\/NewYork-87-300x200.jpg 300w, https:\/\/mnyc.de\/wp-content\/uploads\/2015\/12\/NewYork-87-768x512.jpg 768w, https:\/\/mnyc.de\/wp-content\/uploads\/2015\/12\/NewYork-87-450x300.jpg 450w\" sizes=\"auto, (max-width: 584px) 100vw, 584px\" \/><\/a> <a href=\"https:\/\/mnyc.de\/wp-content\/uploads\/2015\/12\/NewYork-94.jpg\" rel=\"attachment wp-att-457\"><img loading=\"lazy\" decoding=\"async\" class=\"alignnone size-large wp-image-457\" src=\"https:\/\/mnyc.de\/wp-content\/uploads\/2015\/12\/NewYork-94-1024x768.jpg\" alt=\"NewYork-94\" width=\"584\" height=\"438\" srcset=\"https:\/\/mnyc.de\/wp-content\/uploads\/2015\/12\/NewYork-94-1024x768.jpg 1024w, https:\/\/mnyc.de\/wp-content\/uploads\/2015\/12\/NewYork-94-300x225.jpg 300w, https:\/\/mnyc.de\/wp-content\/uploads\/2015\/12\/NewYork-94-768x576.jpg 768w, https:\/\/mnyc.de\/wp-content\/uploads\/2015\/12\/NewYork-94-400x300.jpg 400w\" sizes=\"auto, (max-width: 584px) 100vw, 584px\" \/><\/a> <a href=\"https:\/\/mnyc.de\/wp-content\/uploads\/2015\/12\/NewYork-95.jpg\" rel=\"attachment wp-att-458\"><img loading=\"lazy\" decoding=\"async\" class=\"alignnone size-large wp-image-458\" src=\"https:\/\/mnyc.de\/wp-content\/uploads\/2015\/12\/NewYork-95-1024x768.jpg\" alt=\"NewYork-95\" width=\"584\" height=\"438\" srcset=\"https:\/\/mnyc.de\/wp-content\/uploads\/2015\/12\/NewYork-95-1024x768.jpg 1024w, https:\/\/mnyc.de\/wp-content\/uploads\/2015\/12\/NewYork-95-300x225.jpg 300w, https:\/\/mnyc.de\/wp-content\/uploads\/2015\/12\/NewYork-95-768x576.jpg 768w, https:\/\/mnyc.de\/wp-content\/uploads\/2015\/12\/NewYork-95-400x300.jpg 400w\" sizes=\"auto, (max-width: 584px) 100vw, 584px\" \/><\/a> <a href=\"https:\/\/mnyc.de\/wp-content\/uploads\/2015\/12\/NewYork-96.jpg\" rel=\"attachment wp-att-459\"><img loading=\"lazy\" decoding=\"async\" class=\"alignnone size-large wp-image-459\" src=\"https:\/\/mnyc.de\/wp-content\/uploads\/2015\/12\/NewYork-96-1024x768.jpg\" alt=\"NewYork-96\" width=\"584\" height=\"438\" srcset=\"https:\/\/mnyc.de\/wp-content\/uploads\/2015\/12\/NewYork-96-1024x768.jpg 1024w, https:\/\/mnyc.de\/wp-content\/uploads\/2015\/12\/NewYork-96-300x225.jpg 300w, https:\/\/mnyc.de\/wp-content\/uploads\/2015\/12\/NewYork-96-768x576.jpg 768w, https:\/\/mnyc.de\/wp-content\/uploads\/2015\/12\/NewYork-96-400x300.jpg 400w\" sizes=\"auto, (max-width: 584px) 100vw, 584px\" \/><\/a> <a href=\"https:\/\/mnyc.de\/wp-content\/uploads\/2015\/12\/NewYork-97.jpg\" rel=\"attachment wp-att-460\"><img loading=\"lazy\" decoding=\"async\" class=\"alignnone size-large wp-image-460\" src=\"https:\/\/mnyc.de\/wp-content\/uploads\/2015\/12\/NewYork-97-1024x768.jpg\" alt=\"NewYork-97\" width=\"584\" height=\"438\" srcset=\"https:\/\/mnyc.de\/wp-content\/uploads\/2015\/12\/NewYork-97-1024x768.jpg 1024w, https:\/\/mnyc.de\/wp-content\/uploads\/2015\/12\/NewYork-97-300x225.jpg 300w, https:\/\/mnyc.de\/wp-content\/uploads\/2015\/12\/NewYork-97-768x576.jpg 768w, https:\/\/mnyc.de\/wp-content\/uploads\/2015\/12\/NewYork-97-400x300.jpg 400w\" sizes=\"auto, (max-width: 584px) 100vw, 584px\" \/><\/a><\/p>\n","protected":false},"excerpt":{"rendered":"<p>Der Central Park ist der gr\u00f6\u00dfte Stadtpark in New York City. Der Central Park reicht in seiner L\u00e4nge (4km) von der 59. bis zur 110. Stra\u00dfe und in der Breite (860m) von der 5. bis zur 8. Avenue im Herzen &hellip; <a href=\"https:\/\/mnyc.de\/?page_id=238\">Weiterlesen <span class=\"meta-nav\">&rarr;<\/span><\/a><\/p>\n","protected":false},"author":1,"featured_media":0,"parent":20,"menu_order":0,"comment_status":"closed","ping_status":"closed","template":"","meta":{"footnotes":""},"class_list":["post-238","page","type-page","status-publish","hentry"],"_links":{"self":[{"href":"https:\/\/mnyc.de\/index.php?rest_route=\/wp\/v2\/pages\/238","targetHints":{"allow":["GET"]}}],"collection":[{"href":"https:\/\/mnyc.de\/index.php?rest_route=\/wp\/v2\/pages"}],"about":[{"href":"https:\/\/mnyc.de\/index.php?rest_route=\/wp\/v2\/types\/page"}],"author":[{"embeddable":true,"href":"https:\/\/mnyc.de\/index.php?rest_route=\/wp\/v2\/users\/1"}],"replies":[{"embeddable":true,"href":"https:\/\/mnyc.de\/index.php?rest_route=%2Fwp%2Fv2%2Fcomments&post=238"}],"version-history":[{"count":5,"href":"https:\/\/mnyc.de\/index.php?rest_route=\/wp\/v2\/pages\/238\/revisions"}],"predecessor-version":[{"id":462,"href":"https:\/\/mnyc.de\/index.php?rest_route=\/wp\/v2\/pages\/238\/revisions\/462"}],"up":[{"embeddable":true,"href":"https:\/\/mnyc.de\/index.php?rest_route=\/wp\/v2\/pages\/20"}],"wp:attachment":[{"href":"https:\/\/mnyc.de\/index.php?rest_route=%2Fwp%2Fv2%2Fmedia&parent=238"}],"curies":[{"name":"wp","href":"https:\/\/api.w.org\/{rel}","templated":true}]}}