{"id":147,"date":"2013-09-03T14:46:08","date_gmt":"2013-09-03T12:46:08","guid":{"rendered":"http:\/\/mnyc.de\/?page_id=147"},"modified":"2015-12-08T13:05:19","modified_gmt":"2015-12-08T11:05:19","slug":"flatiron-building","status":"publish","type":"page","link":"https:\/\/mnyc.de\/?page_id=147","title":{"rendered":"Flatiron Building"},"content":{"rendered":"<p>Das <b>Flatiron Building<\/b> (auch <i>Fuller Building<\/i>) ist ein <a title=\"1902\" href=\"http:\/\/de.wikipedia.org\/wiki\/1902\">1902<\/a> an der Kreuzung der <a title=\"Fifth Avenue\" href=\"http:\/\/de.wikipedia.org\/wiki\/Fifth_Avenue\">Fifth Avenue<\/a>, des <a title=\"Broadway (Manhattan)\" href=\"http:\/\/de.wikipedia.org\/wiki\/Broadway_%28Manhattan%29\">Broadway<\/a> und der 23rd Street in dem nach ihm benannten <a title=\"Flatiron District\" href=\"http:\/\/de.wikipedia.org\/wiki\/Flatiron_District\">Flatiron District<\/a> von <a title=\"Manhattan\" href=\"http:\/\/de.wikipedia.org\/wiki\/Manhattan\">Manhattan<\/a> errichtetes <a title=\"Hochhaus\" href=\"http:\/\/de.wikipedia.org\/wiki\/Hochhaus\">Hochhaus<\/a>. Aufgrund seiner ungew\u00f6hnlichen Keilform geh\u00f6rt das 87 Meter hohe Geb\u00e4ude zu den Wahrzeichen <a title=\"New York City\" href=\"http:\/\/de.wikipedia.org\/wiki\/New_York_City\">New York Citys<\/a>.<\/p>\n<p>(Quelle: <a href=\"http:\/\/de.wikipedia.org\/wiki\/Flatiron_Building\">Wikipedia<\/a>)<\/p>\n<p><strong>Flatiron Building<\/strong><\/p>\n<p><strong> <a href=\"https:\/\/mnyc.de\/wp-content\/uploads\/2013\/09\/New-York-City-Flatiron-Building-2.jpg\"><img loading=\"lazy\" decoding=\"async\" class=\"alignnone size-medium wp-image-149\" src=\"https:\/\/mnyc.de\/wp-content\/uploads\/2013\/09\/New-York-City-Flatiron-Building-2-200x300.jpg\" alt=\"New York City Flatiron Building 2\" width=\"200\" height=\"300\" srcset=\"https:\/\/mnyc.de\/wp-content\/uploads\/2013\/09\/New-York-City-Flatiron-Building-2-200x300.jpg 200w, https:\/\/mnyc.de\/wp-content\/uploads\/2013\/09\/New-York-City-Flatiron-Building-2-683x1024.jpg 683w, https:\/\/mnyc.de\/wp-content\/uploads\/2013\/09\/New-York-City-Flatiron-Building-2.jpg 692w\" sizes=\"auto, (max-width: 200px) 100vw, 200px\" \/><\/a><\/strong><\/p>\n<p><strong><a href=\"https:\/\/mnyc.de\/wp-content\/uploads\/2013\/09\/New-York-City-Flatiron-Building-3.jpg\"><img loading=\"lazy\" decoding=\"async\" class=\"alignnone size-medium wp-image-150\" src=\"https:\/\/mnyc.de\/wp-content\/uploads\/2013\/09\/New-York-City-Flatiron-Building-3-300x200.jpg\" alt=\"New York City Flatiron Building 3\" width=\"300\" height=\"200\" srcset=\"https:\/\/mnyc.de\/wp-content\/uploads\/2013\/09\/New-York-City-Flatiron-Building-3-300x200.jpg 300w, https:\/\/mnyc.de\/wp-content\/uploads\/2013\/09\/New-York-City-Flatiron-Building-3-1024x683.jpg 1024w, https:\/\/mnyc.de\/wp-content\/uploads\/2013\/09\/New-York-City-Flatiron-Building-3-449x300.jpg 449w, https:\/\/mnyc.de\/wp-content\/uploads\/2013\/09\/New-York-City-Flatiron-Building-3.jpg 1037w\" sizes=\"auto, (max-width: 300px) 100vw, 300px\" \/><\/a><\/strong><\/p>\n<p><strong><a href=\"https:\/\/mnyc.de\/wp-content\/uploads\/2013\/09\/New-York-City-Flatiron-Building.jpg\"><img loading=\"lazy\" decoding=\"async\" class=\"alignnone size-medium wp-image-148\" src=\"https:\/\/mnyc.de\/wp-content\/uploads\/2013\/09\/New-York-City-Flatiron-Building-200x300.jpg\" alt=\"New York City Flatiron Building\" width=\"200\" height=\"300\" srcset=\"https:\/\/mnyc.de\/wp-content\/uploads\/2013\/09\/New-York-City-Flatiron-Building-200x300.jpg 200w, https:\/\/mnyc.de\/wp-content\/uploads\/2013\/09\/New-York-City-Flatiron-Building-683x1024.jpg 683w, https:\/\/mnyc.de\/wp-content\/uploads\/2013\/09\/New-York-City-Flatiron-Building.jpg 692w\" sizes=\"auto, (max-width: 200px) 100vw, 200px\" \/><\/a><\/strong><\/p>\n<p><a href=\"https:\/\/mnyc.de\/wp-content\/uploads\/2015\/12\/20131024_204813.jpg\"><img loading=\"lazy\" decoding=\"async\" class=\"alignnone size-medium wp-image-250\" src=\"https:\/\/mnyc.de\/wp-content\/uploads\/2015\/12\/20131024_204813-225x300.jpg\" alt=\"20131024_204813\" width=\"225\" height=\"300\" srcset=\"https:\/\/mnyc.de\/wp-content\/uploads\/2015\/12\/20131024_204813-225x300.jpg 225w, https:\/\/mnyc.de\/wp-content\/uploads\/2015\/12\/20131024_204813-768x1024.jpg 768w\" sizes=\"auto, (max-width: 225px) 100vw, 225px\" \/><\/a><\/p>\n","protected":false},"excerpt":{"rendered":"<p>Das Flatiron Building (auch Fuller Building) ist ein 1902 an der Kreuzung der Fifth Avenue, des Broadway und der 23rd Street in dem nach ihm benannten Flatiron District von Manhattan errichtetes Hochhaus. Aufgrund seiner ungew\u00f6hnlichen Keilform geh\u00f6rt das 87 Meter &hellip; <a href=\"https:\/\/mnyc.de\/?page_id=147\">Weiterlesen <span class=\"meta-nav\">&rarr;<\/span><\/a><\/p>\n","protected":false},"author":1,"featured_media":0,"parent":20,"menu_order":0,"comment_status":"closed","ping_status":"closed","template":"","meta":{"footnotes":""},"class_list":["post-147","page","type-page","status-publish","hentry"],"_links":{"self":[{"href":"https:\/\/mnyc.de\/index.php?rest_route=\/wp\/v2\/pages\/147","targetHints":{"allow":["GET"]}}],"collection":[{"href":"https:\/\/mnyc.de\/index.php?rest_route=\/wp\/v2\/pages"}],"about":[{"href":"https:\/\/mnyc.de\/index.php?rest_route=\/wp\/v2\/types\/page"}],"author":[{"embeddable":true,"href":"https:\/\/mnyc.de\/index.php?rest_route=\/wp\/v2\/users\/1"}],"replies":[{"embeddable":true,"href":"https:\/\/mnyc.de\/index.php?rest_route=%2Fwp%2Fv2%2Fcomments&post=147"}],"version-history":[{"count":4,"href":"https:\/\/mnyc.de\/index.php?rest_route=\/wp\/v2\/pages\/147\/revisions"}],"predecessor-version":[{"id":251,"href":"https:\/\/mnyc.de\/index.php?rest_route=\/wp\/v2\/pages\/147\/revisions\/251"}],"up":[{"embeddable":true,"href":"https:\/\/mnyc.de\/index.php?rest_route=\/wp\/v2\/pages\/20"}],"wp:attachment":[{"href":"https:\/\/mnyc.de\/index.php?rest_route=%2Fwp%2Fv2%2Fmedia&parent=147"}],"curies":[{"name":"wp","href":"https:\/\/api.w.org\/{rel}","templated":true}]}}